4?
-b68969
In base 8, what is 4274571464 + 2?
4274571466
In base 4, what is 11 - -1111302130221?
1111302130232
In base 8, what is 214614563 + 2?
214614565
In base 2, what is -110001000010000000000110 + -10?
-110001000010000000001000
In base 13, what is -1987 + 9a2?
-cb5
In base 8, what is -7 + 367062644?
367062635
In base 7, what is -4544622 + -15?
-4544640
In base 2, what is 100000000001101000001000 - 1?
100000000001101000000111
In base 6, what is -1410513 + -202?
-1411115
In base 12, what is 249322 - 4?
24931a
In base 4, what is -131312103232 - 1213?
-131312111111
In base 11, what is 15 - -26112?
26127
In base 6, what is -10 + 23142351?
23142341
In base 4, what is 2223 - 210121110?
-210112221
In base 14, what is -1499cdb - -5?
-1499cd6
In base 4, what is -100121211220 + 0?
-100121211220
In base 14, what is -17c - -1c4ca?
1c34c
In base 11, what is -7120a0 + 10?
-712090
In base 8, what is 370560440 + -2?
370560436
In base 12, what is 0 + -67244?
-67244
In base 7, what is 62106 + 4500?
66606
In base 2, what is -101100001010101100111010 + 1?
-101100001010101100111001
In base 10, what is -198 - 1198159?
-1198357
In base 5, what is 3000 + -144110?
-141110
In base 10, what is 52135 - -292?
52427
In base 11, what is -21a - -18785?
18566
In base 15, what is 1ea469 - -156?
1ea5c0
In base 9, what is -43 - 41237247?
-41237301
In base 8, what is 33413175 + -34?
33413141
In base 13, what is 2c13 - 4983?
-1a70
In base 2, what is -1010010101101000 - 10000?
-1010010101111000
In base 4, what is -123 - 333021221?
-333022010
In base 2, what is -11 - 11001111111011101111001010?
-11001111111011101111001101
In base 13, what is 566a30 - -14?
566a44
In base 7, what is -12121 + 11663?
-125
In base 2, what is -110 - 10100010001001000000?
-10100010001001000110
In base 13, what is 0 + 100c994?
100c994
In base 3, what is 100022 + 1112221222110?
1112222022202
In base 12, what is b73866b - a?
b738661
In base 13, what is 21 + c359c4?
c35a15
In base 16, what is b7 + -45883d?
-458786
In base 13, what is b7852 + 1c5?
b7a47
In base 5, what is 121223144 - -1301?
121230000
In base 3, what is 1 + 110011022000200?
110011022000201
In base 5, what is -2 - 30203110422?
-30203110424
In base 2, what is 10101101011011 + 1001010000?
10110110101011
In base 4, what is 3123033 + -30000313?
-20211220
In base 3, what is -210120112 - 11201020?
-222021202
In base 11, what is 32a31 + -857a?
25462
In base 3, what is 10021001200 - 1011112?
10012220011
In base 3, what is -2 - -101002102120210?
101002102120201
In base 5, what is 122 - -24420322?
24420444
In base 14, what is 2 - -1373046?
1373048
In base 15, what is -9b7 - d98?
-1860
In base 11, what is -854033a5 + 4?
-854033a1
In base 4, what is 2001331012 + 200300?
2002131312
In base 6, what is -531 - 201144341?
-201145312
In base 5, what is -21210040104 - 12?
-21210040121
In base 5, what is -1132010324 - 102?
-1132010431
In base 11, what is -4 - 510707a7?
-51070800
In base 8, what is 737564 + -30?
737534
In base 11, what is 158 - -295558?
295705
In base 10, what is 26 + 2196122?
2196148
In base 14, what is d - db4b9?
-db4aa
In base 11, what is 90 - 604a9?
-60419
In base 5, what is -2 + -13032214230?
-13032214232
In base 6, what is -33002 + 100432?
23430
In base 9, what is -31037815 - -6?
-31037808
In base 2, what is -100010111111111101101001 + 100100?
-100010111111111101000101
In base 10, what is 84019 + 9?
84028
In base 11, what is 5 - -3581774?
3581779
In base 13, what is 1417a4c66 - -5?
1417a4c6b
In base 5, what is -200343300 + 334?
-200342411
In base 12, what is 83b8bb8 - 3?
83b8bb5
In base 14, what is -2ad4a9 - -4?
-2ad4a5
In base 5, what is -20111301210 + -4?
-20111301214
In base 5, what is 2114 + 1401324?
1403443
In base 3, what is 22102101101210220 - -11?
22102101101211001
In base 6, what is 15443254454 + -5?
15443254445
In base 15, what is 201 - 15a1d?
-1581c
In base 7, what is 32 - 30631132?
-30631100
In base 7, what is -462604343 + -1?
-462604344
In base 15, what is -361 + -67dca?
-6823b
In base 6, what is 105210022 + 0?
105210022
In base 3, what is 11 + -10222221202110201?
-10222221202110120
In base 15, what is b32221 + 0?
b32221
In base 15, what is 8baeb3 - 5?
8baead
In base 10, what is -7588 + 3931?
-3657
In base 8, what is 7 - 107733512?
-107733503
In base 9, what is -1 - -121837200?
121837188
In base 8, what is 152 + -2130250?
-2130076
In base 4, what is 113112 - 13011133?
-12232021
In base 14, what is 9bcd05 - -b?
9bcd12
In base 8, what is 166 + -3376?
-3210
In base 10, what is -160979 - 273?
-161252
In base 9, what is 4 + -123703127?
-123703123
In base 16, what is -2c34f4 - 5?
-2c34f9
In base 11, what is -459 - -8793?
8335
In base 13, what is -50a29005 + 1?
-50a29004
In base 2, what is 1010000111111100100100010 - -1?
1010000111111100100100011
In base 15, what is 33 - 1801b?
-17ed8
In base 6, what is 3233 - -253313?
300550
In base 7, what is 3034 + 152010?
155044
In base 14, what is -8 + -73752c?
-737536
In base 7, what is 51255310 + 24?
51255334
In base 6, what is -403221 - -13335?
-345442
In base 7, what is -11325 + 4340?
-3655
In base 7, what is 663202 - -150?
663352
In base 11, what is -99 + -571a46?
-572034
In base 4, what is 23 + 1310131230031?
1310131230120
In base 16, what is -2 + -2dfe4dd?
-2dfe4df
In base 5, what is -4 + -12340303312?
-12340303321
In base 2, what is -1110001001011 - -10010100000110110?
10000101111101011
In base 5, what is -422 + 10242334?
10241412
In base 10, what is -7 - 9809321?
-9809328
In base 2, what is 11001111111000000111110 + 101001?
11001111111000001100111
In base 12, what is 133 - -13423a?
134371
In base 3, what is -200212 - -2210202?
2002220
In base 15, what is 587 - 63a?
-a3
In base 14, what is 2 - -17967?
17969
In base 7, what is 46631 - 1301?
45330
In base 6, what is 23425 + 10450?
34315
In base 13, what is 2b615 + 121?
2b736
In base 12, what is -2 + 24b9733?
24b9731
In base 11, what is -52970922 + 3?
-5297091a
In base 15, what is 3527 + -5a?
34bc
In base 15, what is 4 + 95604?
95608
In base 11, what is 31 - -197a034?
197a065
In base 8, what is 26407 + 7567?
36176
In base 5, what is -41114030 + -1?
-41114031
In base 3, what is 12111 - -10111220?
10201101
In base 13, what is -2c0 - -246440?
246150
In base 8, what is -2 + 633116145?
633116143
In base 9, what is 20233144 - 102?
20233042
In base 6, what is 12321345 - -3024?
12324413
In base 15, what is 5 + -1d6bacb?
-1d6bac6
In base 5, what is 424221 - -124343?
1104114
In base 12, what is 40a - 30306?
-2bab8
In base 14, what is -10c106b4 - 2?
-10c106b6
In base 12, what is 375 + 11975?
1212a
In base 4, what is 301031 + 313322?
1221013
In base 2, what is -100001000101111110 - -101010?
-100001000101010100
In base 16, what is a - -a441b?
a4425
In base 14, what is -7 + 2882dd4?
2882dcb
In base 2, what is -100000010 - 1100111110110000011?
-1100111111010000101
In base 15, what is -45249a7 + 0?
-45249a7
In base 5, what is 34322 + -130443?
-41121
In base 12, what is -368b6503 - -5?
-368b64ba
In base 10, what is 31 - 311190?
-311159
In base 9, what is -5144777 - -7?
-5144770
In base 2, what is -11011111110 + -1010111110000?
-1110011101110
In base 3, what is -1110222 - 2022202202120?
-2022211020112
In base 10, what is 0 - -214208725?
214208725
In base 14, what is a93a8c - -5?
a93a93
In base 2, what is 111001110000111010 + -100001?
111001110000011001
In base 4, what is -21022230203222 + -10?
-21022230203232
In base 14, what is -b32 - 16bc9?
-1791b
In base 7, what is -4 + 251330612?
251330605
In base 15, what is 16 - -508bcc?
508be3
In base 2, what is -11 - -11011010101000100000001001?
11011010101000100000000110
In base 16, what is -13 - -9c36e7?
9c36d4
In base 6, what is -3 - -54314521211?
54314521204
In base 8, what is 16 - 7165766?
-7165750
In base 5, what is 100113003414 - -3?
100113003422
In base 10, what is 13867 + 5647?
19514
In base 7, what is -324141 - 2003?
-326144
In base 7, what is -1 - 2150354200?
-2150354201
In base 6, what is -352 + -102513?
-103305
In base 3, what is 21110001101201 + 1?
21110001101202
In base 9, what is -1 + 157264656?
157264655
In base 8, what is 3314762 + 4?
3314766
In base 2, what is -11110 - 1110110101111111001000?
-1110110101111111100110
In base 16, what is -393f83b - -5?
-393f836
In base 5, what is -222 - 1100144?
